r when 5830 is divided by 29?
1
Calculate the remainder when 460 is divided by 22.
20
What is the remainder when 172 is divided by 26?
16
What is the remainder when 3634 is divided by 6?
4
What is the remainder when 99 is divided by 17?
14
Calculate the remainder when 441 is divided by 56.
49
Calculate the remainder when 405 is divided by 129.
18
Calculate the remainder when 428 is divided by 13.
12
What is the remainder when 225 is divided by 23?
18
Calculate the remainder when 517 is divided by 41.
25
Calculate the remainder when 398 is divided by 40.
38
Calculate the remainder when 622 is divided by 13.
11
Calculate the remainder when 598 is divided by 165.
103
Calculate the remainder when 156 is divided by 153.
3
Calculate the remainder when 219 is divided by 28.
23
What is the remainder when 109 is divided by 14?
11
Calculate the remainder when 9651 is divided by 38.
37
What is the remainder when 259 is divided by 134?
125
Calculate the remainder when 109 is divided by 56.
53
Calculate the remainder when 1253 is divided by 34.
29
What is the remainder when 1949 is divided by 4?
1
What is the remainder when 307 is divided by 131?
45
What is the remainder when 376 is divided by 96?
88
Calculate the remainder when 164 is divided by 56.
52
What is the remainder when 89 is divided by 34?
21
Calculate the remainder when 1003 is divided by 112.
107
Calculate the remainder when 257 is divided by 125.
7
What is the remainder when 597 is divided by 199?
0
Calculate the remainder when 276 is divided by 93.
90
Calculate the remainder when 276 is divided by 230.
46
What is the remainder when 420 is divided by 130?
30
Calculate the remainder when 224 is divided by 104.
16
What is the remainder when 20397 is divided by 68?
65
What is the remainder when 120 is divided by 31?
27
What is the remainder when 263 is divided by 38?
35
What is the remainder when 748 is divided by 10?
8
What is the remainder when 19471 is divided by 13?
10
Calculate the remainder when 422 is divided by 82.
12
What is the remainder when 187 is divided by 170?
17
What is the remainder when 166 is divided by 42?
40
Calculate the remainder when 162 is divided by 63.
36
Calculate the remainder when 11268 is divided by 191.
190
Calculate the remainder when 313 is divided by 40.
33
Calculate the remainder when 21768 is divided by 65.
58
What is the remainder when 212 is divided by 39?
17
Calculate the remainder when 473 is divided by 95.
93
What is the remainder when 1680 is divided by 352?
272
What is the remainder when 381 is divided by 16?
13
Calculate the remainder when 162 is divided by 57.
48
What is the remainder when 1403 is divided by 153?
26
What is the remainder when 71 is divided by 22?
5
Calculate the remainder when 100 is divided by 8.
4
What is the remainder when 283 is divided by 19?
17
Calculate the remainder when 1121 is divided by 236.
177
What is the remainder when 812 is divided by 267?
11
What is the remainder when 11314 is divided by 123?
121
What is the remainder when 120 is divided by 19?
6
What is the remainder when 258 is divided by 37?
36
Calculate the remainder when 208 is divided by 19.
18
What is the remainder when 14623 is divided by 206?
203
What is the remainder when 3733 is divided by 37?
33
What is the remainder when 543 is divided by 91?
88
Calculate the remainder when 149 is divided by 25.
24
Calculate the remainder when 1347 is divided by 30.
27
What is the remainder when 718 is divided by 48?
46
Calculate the remainder when 895 is divided by 41.
34
Calculate the remainder when 659 is divided by 115.
84
What is the remainder when 6 is divided by 6?
0
Calculate the remainder when 372 is divided by 66.
42
Calculate the remainder when 377 is divided by 189.
188
Calculate the remainder when 57 is divided by 27.
3
What is the remainder when 37 is divided by 32?
5
Calculate the remainder when 9568 is divided by 5.
3
What is the remainder when 1635 is divided by 9?
6
Calculate the remainder when 8733 is divided by 623.
11
What is the remainder when 2430 is divided by 272?
254
What is the remainder when 1244 is divided by 239?
49
What is the remainder when 1433 is divided by 30?
23
Calculate the remainder when 2095 is divided by 42.
37
Calculate the remainder when 65 is divided by 24.
17
Calculate the remainder when 109 is divided by 16.
13
Calculate the remainder when 10196 is divided by 5096.
4
Calculate the remainder when 451 is divided by 35.
31
Calculate the remainder when 242 is divided by 61.
59
Calculate the remainder when 100 is divided by 81.
19
Calculate the remainder when 372 is divided by 126.
120
Calculate the remainder when 3316 is divided by 30.
16
What is the remainder when 222 is divided by 76?
70
Calculate the remainder when 424 is divided by 130.
34
Calculate the remainder when 421 is divided by 85.
81
Calculate the remainder when 10779 is divided by 9.
6
Calculate the remainder when 1090 is divided by 276.
262
Calculate the remainder when 52205 is divided by 13.
10
What is the remainder when 81 is divided by 4?
1
What is the remainder when 99 is divided by 18?
9
Calculate the remainder when 287 is divided by 18.
17
Calculate the remainder when 170 is divided by 23.
9
What is the remainder when 473 is divided by 105?
53
What is the remainder when 130 is divided by 42?
4
What is the remainder when 29 is divided by 18?
11
What is the remainder when 634 is divided by 4?
2
What is the remainder when 1551 is divided by 16?
15
What is the remainder when 4440 is divided by 75?
15
Calculate the remainder when 26 is divided by 16.
10
What is the remainder when 278 is divided by 10?
8
Calculate the remainder when 237 is divided by 62.
51
Calculate the remainder when 4710 is divided by 671.
13
Calculate the remainder when 2988 is divided by 76.
24
Calculate the remainder when 223 is divided by 106.
11
Calculate the remainder when 55 is divided by 15.
10
What is the remainder when 65 is divided by 11?
10
Calculate the remainder when 1606 is divided by 1605.
1
Calculate the remainder when 1519 is divided by 40.
39
Calculate the remainder when 398 is divided by 10.
8
What is the remainder when 1535 is divided by 384?
383
Calculate the remainder when 216 is divided by 76.
64
Calculate the remainder when 45 is divided by 27.
18
What is the remainder when 16 is divided by 4?
0
What is the remainder when 117 is divided by 18?
9
What is the remainder when 798 is divided by 25?
23
Calculate the remainder when 132 is divided by 14.
6
Calculate the remainder when 2074 is divided by 79.
20
Calculate the remainder when 6130 is divided by 31.
23
What is the remainder when 959 is divided by 8?
7
What is the remainder when 45 is divided by 8?
5
What is the remainder when 508 is divided by 159?
31
Calculate the remainder when 2079 is divided by 52.
51
What is the remainder when 78 is divided by 69?
9
Calculate the remainder when 746 is divided by 139.
51
Calculate the remainder when 47 is divided by 7.
5
Calculate the remainder when 404 is divided by 15.
14
What is the remainder when 1474 is divided by 62?
48
What is the remainder when 155 is divided by 78?
77
Calculate the remainder when 60 is divided by 26.
8
Calculate the remainder when 92 is divided by 85.
7
Calculate the remainder when 656 is divided by 33.
29
What is the remainder when 89 is divided by 18?
17
Calculate the remainder when 250 is divided by 83.
1
Calculate the remainder when 461 is divided by 15.
11
Calculate the remainder when 166 is divided by 85.
81
Calculate the remainder when 129 is divided by 27.
21
Calculate the remainder when 621 is divided by 53.
38
What is the remainder when 37 is divided by 5?
2
What is the remainder when 590 is divided by 154?
128
Calculate the remainder when 380 is divided by 11.
6
What is the remainder when 1639 is divided by 91?
1
Calculate the remainder when 51 is divided by 18.
15
What is the remainder when 4888 is divided by 5?
3
Calculate the remainder when 1226 is divided by 73.
58
What is the remainder when 978 is divided by 63?
33
What is the remainder when 3994 is divided by 18?
16
Calculate the remainder when 183 is divided by 32.
23
Calculate the remainder when 492 is divided by 19.
17
Calculate the remainder when 627 is divided by 42.
39
What is